of 1118 and 15480?
86
What is the greatest common factor of 104052 and 10016136?
4524
Calculate the greatest common divisor of 29648 and 40021094.
3706
What is the highest common divisor of 1166 and 13897766?
106
What is the greatest common divisor of 1514102 and 1922?
62
Calculate the greatest common factor of 292 and 219340180.
292
Calculate the greatest common divisor of 182439 and 188964.
261
Calculate the highest common factor of 1281 and 251906637.
183
What is the highest common factor of 300 and 46131025?
25
What is the highest common factor of 1827 and 119907?
9
Calculate the greatest common divisor of 524 and 8616394.
262
Calculate the highest common factor of 8860 and 537034724.
1772
What is the greatest common factor of 231494781 and 258009?
15177
Calculate the greatest common factor of 319 and 257659577.
29
Calculate the highest common divisor of 34159880 and 370.
370
What is the highest common divisor of 1495098 and 114048?
1782
What is the greatest common factor of 105 and 14315406?
21
Calculate the highest common factor of 8838 and 2016.
18
Calculate the greatest common factor of 2116 and 33749671.
529
Calculate the greatest common factor of 70355114 and 69.
23
What is the greatest common factor of 137561689 and 587?
587
Calculate the highest common factor of 8192 and 4160128.
128
Calculate the greatest common factor of 459 and 1474173.
27
What is the greatest common divisor of 22835 and 6645?
5
What is the highest common divisor of 2549868 and 5974?
206
Calculate the highest common factor of 850986 and 132561.
927
Calculate the highest common factor of 14657 and 53.
1
What is the greatest common divisor of 123 and 13717657?
41
Calculate the greatest common factor of 2460315 and 4719.
429
What is the greatest common divisor of 8085154 and 154?
154
Calculate the greatest common divisor of 10551171 and 752.
47
Calculate the greatest common factor of 88487612 and 4.
4
What is the greatest common factor of 884 and 1437410?
26
What is the greatest common factor of 148 and 19627057?
37
Calculate the greatest common factor of 3006520 and 81290.
110
Calculate the highest common factor of 1354216430 and 1310.
1310
What is the greatest common factor of 369072 and 192720?
528
Calculate the highest common factor of 5939293 and 3545.
709
Calculate the highest common divisor of 138776230 and 20.
10
Calculate the greatest common factor of 34521458 and 865.
173
What is the greatest common factor of 39756624 and 250782?
5118
Calculate the highest common divisor of 4304 and 644377664.
4304
Calculate the highest common divisor of 2300 and 348171700.
2300
What is the greatest common factor of 8432964 and 160686?
2034
Calculate the greatest common factor of 4519369 and 1441.
131
What is the highest common divisor of 2709 and 156883608?
2709
Calculate the highest common divisor of 629028 and 616908.
1212
Calculate the greatest common divisor of 32635191 and 452.
113
What is the highest common divisor of 986 and 60129?
17
Calculate the highest common factor of 14215454 and 33.
11
Calculate the highest common divisor of 512 and 8064544.
32
What is the highest common divisor of 810 and 8892261?
81
What is the highest common divisor of 3827539 and 111?
37
Calculate the highest common divisor of 36565 and 282580.
355
What is the greatest common factor of 1758 and 1473144?
6
Calculate the greatest common divisor of 11447127 and 648.
9
What is the highest common divisor of 25191 and 2145589?
311
What is the highest common factor of 7462416 and 276?
12
Calculate the greatest common divisor of 30464 and 6698748.
476
What is the greatest common factor of 5918 and 418?
22
What is the highest common factor of 481932584 and 24?
8
What is the highest common divisor of 55 and 89081?
1
Calculate the highest common divisor of 468 and 582140.
52
Calculate the greatest common divisor of 16823025 and 29625.
75
Calculate the greatest common factor of 1530 and 37938.
6
Calculate the highest common divisor of 420 and 482028.
12
Calculate the greatest common divisor of 2847 and 20980419.
219
Calculate the greatest common divisor of 2246 and 33391282.
2246
What is the greatest common factor of 140470 and 15050?
10
What is the greatest common factor of 5077681 and 271124?
2947
What is the greatest common factor of 11940 and 275820?
60
Calculate the highest common divisor of 72324 and 16226.
14
What is the greatest common divisor of 1049240 and 9142275?
7715
Calculate the highest common factor of 22676895 and 271215.
5535
What is the greatest common factor of 54 and 34766766?
54
What is the greatest common divisor of 76029114 and 84?
42
What is the greatest common factor of 4186 and 28364?
14
Calculate the greatest common factor of 6 and 95174382.
6
Calculate the highest common factor of 5686681 and 5005.
1001
Calculate the greatest common factor of 4187 and 1091306.
79
What is the highest common factor of 4007802 and 15198?
894
Calculate the highest common factor of 4356 and 1536435252.
4356
Calculate the highest common factor of 10836 and 428609552.
1204
Calculate the highest common divisor of 1862784 and 15604512.
7392
What is the greatest common divisor of 32421656 and 516?
172
What is the highest common factor of 40203 and 8727029?
1489
What is the highest common factor of 74192208 and 1392?
1392
Calculate the greatest common factor of 60820 and 49610.
10
Calculate the greatest common factor of 95637464 and 104.
104
What is the highest common factor of 2964465 and 8745?
15
What is the greatest common factor of 319472 and 59860?
164
What is the greatest common factor of 13352 and 2541887?
1669
Calculate the greatest common divisor of 495 and 1773855.
45
What is the greatest common factor of 10801 and 3703?
7
Calculate the highest common divisor of 209272 and 1112664.
2072
Calculate the greatest common factor of 54 and 1004918940.
54
What is the greatest common divisor of 1931104 and 13468?
1036
What is the highest common factor of 2572167 and 442481?
1313
What is the highest common divisor of 11439900 and 480?
60
What is the greatest common factor of 3598 and 18549489?
1799
What is the highest common divisor of 110916 and 405756?
1404
What is the greatest common factor of 11555055 and 648?
81
Calculate the greatest common factor of 514455334 and 122.
122
What is the highest common factor of 24 and 7024316?
4
Calculate the highest common factor of 382080 and 316800.
1920
Calculate the greatest common factor of 35469 and 32620783.
563
What is the highest common factor of 17049032 and 1430?
286
What is the greatest common divisor of 3609115 and 3160?
395
Calculate the highest common divisor of 2089347 and 91.
13
What is the highest common divisor of 359379 and 7769025?
657
What is the greatest common factor of 11400 and 3956655?
285
Calculate the greatest common factor of 742270 and 7761.
199
Calculate the greatest common factor of 203813458 and 906.
302
Calculate the greatest common divisor of 88099007 and 4.
1
Calculate the greatest common divisor of 92653788 and 12.
12
Calculate the greatest common divisor of 447524 and 24376.
44
What is the highest common factor of 201297 and 289?
17
Calculate the highest common factor of 7807246 and 8.
2
Calculate the highest common divisor of 1 and 3671943.
1
Calculate the greatest common factor of 78549900 and 165.
165
Calculate the highest common factor of 1379651 and 91.
91
What is the greatest common factor of 2376991 and 1207?
17
Calculate the greatest common factor of 1337027475 and 105.
105
What is the highest common divisor of 1053 and 719685?
81
Calculate the highest common factor of 55027 and 1519.
49
Calculate the highest common factor of 541 and 1969591109.
541
Calculate the highest common divisor of 23815498 and 3871.
553
What is the highest common divisor of 78 and 9057324?
6
What is the greatest common divisor of 494 and 2472548?
26
What is the highest common factor of 4527958 and 2050?
82
What is the greatest common factor of 36062 and 45406?
146
Calculate the highest common divisor of 842425 and 2437375.
775
What is the greatest common divisor of 294 and 19838434?
98
Calculate the highest common factor of 460 and 27269444.
92
What is the highest common factor of 288 and 1573080?
24
Calculate the greatest common div